*3 + 2*t - 1. Let s be (4 + 0)/(-20 - -18). Let r be o(s). Calculate the highest common divisor of m and r.
1
Suppose 5*y = 5*v - 3 - 42, -v + 2*y + 13 = 0. Let k(b) = 7*b. Suppose 5*w = -0*w + 25. Let q be k(w). What is the greatest common factor of v and q?
5
Let p(v) = -3*v + 13*v + 463 - 464. Let y be p(1). Let a = -1 - -4. Calculate the highest common divisor of y and a.
3
Let s be 4/((-64)/(-468)) + (-1)/4. Calculate the highest common factor of s and 29.
29
Suppose 222 = -41*z + 47*z. Calculate the greatest common factor of 37 and z.
37
Let k(o) = 6*o + 11. Let v be k(12). Let b = v - 48. Calculate the highest common divisor of 14 and b.
7
Let j(d) = -9*d - 12. Let s be 6 - (-2 - -6) - 8. Let m be j(s). What is the highest common factor of 105 and m?
21
Suppose 5*b = -25, -11 = -4*q - b - 0. Suppose -q*f + 6 = -f. Calculate the highest common factor of f and 5.
1
Let w be (42/(-4))/(1/(-2)). Suppose 6*n - 28*n + 644 = n. Calculate the highest common factor of w and n.
7
Let o be 21/2*((-245)/(-15) + -7). What is the highest common factor of o and 49?
49
Let g = -17 + 16. Let m be (1 - 2)*(g + -4). Suppose m*p - 12 = p + 3*l, 0 = -p + 5*l + 3. What is the greatest common factor of 24 and p?
3
Let g be -3 - 2 - (-9 - -5). Let j be (-1 - 0) + (-21)/g. What is the greatest common divisor of 20 and j?
20
Let i(q) = -q - 3. Let u be i(-3). Suppose 8 = 4*k + 5*p + 29, u = -4*k + 4*p + 24. Suppose 113*s - 657 = 40*s. What is the greatest common factor of s and k?
1
Let d(a) = -3*a - 24. Let x be d(-15). Calculate the greatest common divisor of 105 and x.
21
Let m = -91 + 75. Let i(j) = j**3 + 17*j**2 + 16*j + 7. Let t be i(m). What is the greatest common divisor of 49 and t?
7
Let f(c) = c**2 + 27*c - 544. Let h be f(21). Calculate the greatest common divisor of h and 8.
8
Suppose 0 = -5*h - 0*h + 405. Suppose 2*q + 12 = 6*q. Suppose 0 = 5*k + 20, -k + 6*k + 47 = q*s. Calculate the highest common divisor of h and s.
9
Suppose -4*h + h = -9. Let x(p) = 9*p + 9. Let u be x(h). What is the highest common factor of u and 4?
4
Let g be -8*(-3 - -4) - -10. Calculate the highest common factor of g and 72.
2
Let i = 8 - 8. Suppose 3*x - 4*p = x + 10, i = -2*x + p + 1. Let d be (99/(-3 - -2))/x. Calculate the greatest common factor of 11 and d.
11
Suppose -93 = 5*m + 72. Let o = -47 - m. Let t = -1 - o. Calculate the greatest common divisor of 13 and t.
13
Suppose -2*q + 120 = -24. Suppose 0 = -19*n + 15*n + q. Calculate the highest common factor of 9 and n.
9
Let v(g) = 0*g - 2*g + 5*g - 12 + g. Let d be v(4). Calculate the highest common divisor of 20 and d.
4
Let r be (-1 + 9)/(14/(-462)*-11). What is the greatest common divisor of 36 and r?
12
Let u be (5 - (0 + 4)) + 1. What is the highest common divisor of 94 and u?
2
Suppose 0 = -5*m - 5*p + 595, p + 3 = -2*p. Suppose 4*f - 5*k - 58 = 0, 0 = 5*f - 2*f - 3*k - 42. What is the greatest common divisor of m and f?
12
Let o be 8/(-52) - 267/39. Let r = 2 - o. Calculate the highest common divisor of r and 18.
9
Let o be (-291)/(-6) + 7/(-14). Let t = o + -18. What is the greatest common divisor of t and 40?
10
Let h = 57 + -51. Let q be 200/h*84/35. What is the highest common factor of 16 and q?
16
Let i(c) = -9. Let g be (-2 + 3)/((-2)/4). Let j(m) = m - 1. Let t(a) = g*i(a) + 6*j(a). Let l be t(6). Calculate the highest common factor of 6 and l.
6
Let x = 1 - 83. Let a = x - -269. Calculate the highest common factor of a and 17.
17
Let o be 4/(-6)*((-418)/(-4) - -5). Let a = o + 223. What is the highest common factor of 60 and a?
30
Let j(t) = 2*t + 3. Let g be j(-2). Let q be 0 + 32 + (g - 1). Suppose -3*o = f - 90, 3*o + 395 = 5*f + 7*o. What is the highest common factor of f and q?
15
Let s(r) = r**2 + 4*r + 15. Let m be s(-6). Let n = 18 + m. What is the greatest common divisor of 18 and n?
9
Let k(x) = -2*x**3 - 9*x**2 + 12*x + 28. Let n be k(-6). Calculate the greatest common factor of n and 6.
2
Suppose 3*q = 7*q - 8. Let x(a) = 2*a**2 + 267*a + 4 - a**q - 271*a. Let j be x(6). Calculate the highest common factor of j and 48.
16
Suppose -8*u + 12 = -4. Suppose 4*p + 3*w - 45 = p, 0 = -4*p - u*w + 54. What is the highest common divisor of 12 and p?
12
Let g(i) = -4*i - 27. Let p be g(-18). Calculate the highest common factor of p and 279.
9
Suppose -5*n = 2*c - 172, 2*c - 86 = c - 3*n. Let p = 73 - -142. Calculate the highest common divisor of p and c.
43
Let h(y) = y**3 + 11*y**2 + 8*y - 18. Let l be h(-10). Suppose -t = l*t - 108. What is the highest common divisor of 4 and t?
4
Let s(o) = o**2 + 2*o - 52. Let k be s(-12). What is the highest common factor of 2176 and k?
68
Suppose 5*y - 20 = 0, -2*z - 22 = -z - 5*y. Let x be ((-2)/4)/(3/126). Let c = z - x. What is the greatest common factor of c and 171?
19
Let z be -4 + (-7 - -1)/(3 - 2). Let n(a) = -7*a - 52. Let k be n(z). Suppose -3*y = y - 12. What is the greatest common factor of y and k?
3
Let h be -3 - (-45)/(6 - 3). Let t be (4/h)/(2/60). Let g be 8/6 + (-11)/33. Calculate the greatest common factor of g and t.
1
Let n be 14/(-12) - (-15903)/162. Calculate the greatest common divisor of 2619 and n.
97
Let m(h) = -h**3 + 19*h**2 - 17*h + 44. Let u be m(18). Let k = u - -109. What is the greatest common factor of k and 57?
57
Suppose 0 = -26*f + 488 + 6. Calculate the greatest common divisor of f and 342.
19
Suppose -52 - 138 = -10*v. Calculate the greatest common factor of 95 and v.
19
Let i be 0 - (-1)/(2/10). Suppose 3*c = i*c - 180. Let l = -69 - -105. Calculate the greatest common divisor of l and c.
18
Suppose 2*k - 236 = -2*k. Suppose -3*j + 88 = -k. What is the highest common factor of 7 and j?
7
Suppose -2*w + 14 = b, -3*w = -5*b + w. Calculate the highest common factor of b and 32.
4
Suppose 22*a - 1056 = 18*a. Calculate the greatest common factor of a and 66.
66
Suppose 0 = -5*b + 86 - 26. Let z(t) = 7*t - 23. Let h be z(5). What is the greatest common factor of b and h?
12
Let f = -19 - -24. Suppose f*o - 4*h - 366 = 2*o, 618 = 5*o - 4*h. Calculate the greatest common factor of o and 18.
18
Let s be 1 - 1 - 4/(12/(-15)). Calculate the highest common factor of 145 and s.
5
Let w(u) = 5*u**2 + 24*u - 92. Let y be w(3). Suppose -96 = -3*c - 2*l + 514, 0 = 2*l - 10. What is the highest common factor of c and y?
25
Let w(n) = n**3 + 10*n**2 - 11*n + 4. Let k be w(-11). Let d(h) = 5*h - 4. Let u be d(k). Calculate the greatest common factor of u and 32.
16
Let r(j) = -j + 16. Let f be r(-9). Suppose 2*h - i - 133 = -2*i, 5*i = f. Suppose 7*q - h = 692. Calculate the highest common factor of 36 and q.
36
Suppose -99*m = -58*m - 123. Calculate the greatest common divisor of 183 and m.
3
Suppose 2*w = -3*r + 36, -29*r + 30*r = 0. Let j(f) = f. Let c be j(2). Suppose d = c*d - 9. Calculate the highest common factor of w and d.
9
Let j(w) = -w**3 - 3*w**2 - 4*w - 2. Let x be j(-3). Suppose -617 = -5*c - n, -2*n - x = -7*n. What is the highest common factor of c and 82?
41
Suppose -q - 15 + 13 = 0, -q = 5*f - 43. What is the greatest common divisor of f and 567?
9
Let t be 4 - (-1 - -22*2). Let l = -35 - t. Let x be 1 - (0 - -1)*-7. What is the greatest common factor of x and l?
4
Suppose -59 = -3*w - p, 2*w - 76 = -2*w - 4*p. Let h(q) = 4*q**2 - 26*q - 6. Let t be h(7). Calculate the highest common factor of t and w.
4
Suppose -5*m + 95 = -0*m. Let w = m + -11. Calculate the highest common factor of w and 8.
8
Let z be (54/(-4))/(1/(-2)). Let w = 291 - 152. Suppose 0 = 143*b - w*b - 12. What is the highest common factor of b and z?
3
Let n(r) = r**2 - 3*r - 10. Let b be n(7). Let u be 1 + 399 - (16 + -12). Let m be u/(-77)*(-154)/4. Calculate the highest common factor of m and b.
18
Let z = -2862 - -3010. Calculate the highest common divisor of 28 and z.
4
Suppose -3*y + 308 = 2*l, 0 = -4*y + 3*l + 259 + 163. What is the highest common factor of 52 and y?
52
Suppose 2*f + 387 = -5*m, f = -4*f - 4*m - 925. Let h be 5/(-25) + f/(-5). Let g = h + -25. What is the greatest common divisor of 1 and g?
1
Let k(d) be the first derivative of -d**4/4 + d**3 + 4*d**2 - 4*d - 19. Let p be k(4). What is the highest common divisor of p and 84?
12
Let t be (3 + (-8)/3)/((-4)/(-24)). Let q(l) = 11*l**3 - 3*l**2 - l + 1. Let x be q(t). What is 